4) + 84.
104
-111 + (0 - 29 - (-104 + (155 - 62)))
-129
Evaluate 81 - -19 - (1 - 0) - (16 - -22 - 30).
91
0 + 2 + -9 + (384 + -376 - (-35 - 0))
36
What is the value of -39 - ((0 - 3) + -94 + 105)?
-47
-31 + 5 + -9 - (10 + (-7 - -10))
-48
-16 + 10 + (12 + -1 - (211 - 196))
-10
What is the value of 97 + (-51 - (-7 + 59))?
-6
What is (14 - 1) + 0 - ((-15 - (-23 - -18)) + 4)?
19
-81 + 110 + 129 + -40
118
Evaluate 3 - 13 - (4 + -24) - (-8 + 7 - -19).
-8
Calculate 5 - -1 - ((-38 + 18 - -92) + -3) - 2.
-65
Evaluate (-12 - (2 + 0)) + 56 + (44 - (151 - 63)).
-2
Evaluate (-28 - (-35 - 22)) + -55.
-26
What is the value of (5 - -24 - (17 - -7 - 12)) + 78?
95
Evaluate -130 + 10 + -32 + (97 - 46).
-101
-85 + 84 + -17 + 146
128
-11 - (0 + -9 + 0 + (5 - -6)) - 63
-76
Evaluate 3 + -7 + (18 - 1) + -41.
-28
What is the value of -6 + -8 + 4 + -7 + 170 + -46?
107
-14 + (-65 - -38) + 38 + 54 + -2
49
Evaluate (1 - 0) + 4 - (9 - (-119 - -100)).
-23
What is the value of -10 - -7 - -12 - 116 - (-5 + -13 + 12)?
-101
Evaluate -52 - -114 - (-28 + 37).
53
What is the value of -113 + 89 + 46 - (55 - -1)?
-34
Calculate -4 + (4 - 2) + -5 - (-134 + 127).
0
Calculate -1 + (11 - 41) - (-1 + -21).
-9
-13 + (192 - 107) + -2 + -21
49
Calculate 122 + (-74 - 32) + 21.
37
75 + (-71 - 8) + 47
43
What is -14 + (16 + -16 + -7 - -43)?
22
What is -86 + -10 + -7 + (20 - 22 - -19)?
-86
((-34 - -6) + 54 - 26) + -86
-86
Evaluate -18 - (32 + -64 + 44).
-30
What is -6 + (-7 - 18 - -23) + 50?
42
-21 + -37 + -1 - -10
-49
Calculate (10 + 18 - -6) + -24 + -30.
-20
Calculate (8 - 2) + -12 + 12 + (1 + 14 - 0).
21
9 + (5 + -19 + -15 - (-1 + 5))
-24
What is 44 - ((-3 - 1) + (31 - 12 - (7 - 2)))?
34
-55 + 60 + 26 - (-12 - 0)
43
What is -1 + 11 + (-36 - 48 - -59)?
-15
What is 30 + -17 + (-2 - (-2 + 0)) - (-2076 + 2076)?
13
Evaluate 41 + 28 - (66 + -27).
30
What is the value of 63 + -72 + (-2 - (3 - 53))?
39
What is the value of -4 - (3 + -5 + -7 + 12) - 8?
-15
What is -9 + -3 + 11 + (-16 + -11 - -11)?
-17
Evaluate (-22 - (-27 - (-29 - -20))) + 2 + -2 + 66.
62
Calculate (241 + -119 - 41) + -67.
14
Evaluate -21 + -4 + -2 + -2 - -1.
-28
33 + 8 + -39 - (61 - 3)
-56
What is 33 - (113 + (49 - 105))?
-24
Evaluate (81 + (-18 - 31) - 50) + (145 - 2).
125
What is -69 - -122 - 1 - 2?
50
What is 0 + -89 - (-2 + (-70 - -67 - (0 + 1)))?
-83
Evaluate 0 + 14 + (-173 - -8) + 174.
23
What is the value of 230 + -291 + (110 - -9)?
58
What is (1 - (-31 - (3 + 0))) + (2 - -15) + -26?
26
What is the value of (-50 - (-60 + -3)) + (0 - (-20 - 1))?
34
What is 4 - -10 - (23 - (18 + -1 + -18))?
-10
What is the value of 4 + (-2 - (-22 - -46) - 29)?
-51
Evaluate 98 - (-21 - -36 - -35).
48
What is (271 - 240) + -53 + (-1 - -2) + (0 - -1)?
-20
What is 6 - (93 + -108) - (103 - (2 - 2))?
-82
Evaluate 1 + -60 - (26 + (27 + 18 - 61)).
-69
What is the value of 114 + -130 - (-7 - 22)?
13
What is the value of -8 + -2 - (63 + -25 + -2)?
-46
4 + 2 - -28 - (0 - (-1 - 4))
29
Evaluate 46 + (-21 - 19) - 11.
-5
What is the value of 30 + -55 - (-49 + 9 + -5)?
20
What is the value of -20 - -16 - 42 - -5 - -22?
-19
What is the value of -4 + 57 + (-35 - -13 - -36 - 13)?
54
Evaluate -72 - (-54 + 45 - (3 - (3 - -6))) - -3.
-66
Evaluate -92 + (71 - -9) - (6 + 63).
-81
What is the value of 0 + 17 + (12 - (-1 - -3)) + -108 + 102?
21
-70 + 48 + -55 + 75
-2
What is (4 + -67 - (5 - 12)) + (-14 - -6) + 9?
-55
(7 - (-9 + 9 + 4)) + 9 + 10 + -3
19
Evaluate 35 + -14 + 5 + 15 + (62 - -3).
106
Evaluate 6 - (8 - (9 - 17) - 13).
3
What is 0 + (7 - 10) + 4 + 46 + -6 + 4?
45
Evaluate -66 - (-29 + (-71 - -27)).
7
What is 7 + 15 + -37 - -38?
23
What is (3 - (38 - 3)) + -2 - (-484 - -478)?
-28
Calculate 22 - (12 - (21 + (-5 - -1))).
27
-8 - (-7 - (21 + (-5 - 27)))
-12
Calculate -14 - (-21 + 0 + 11 + -5).
1
Evaluate (0 - 2) + -9 - (81 + -57 - 18).
-17
What is the value of 3347 + -3442 - ((3 - 1) + -36)?
-61
What is (-4 - (-22 - (-9 + (13 - 13)))) + 1 + 54?
64
What is (69 - 66) + 0 + 1 - -4 - (-4 + 42)?
-30
Calculate 6 + -3 + -5 + -5 - (29 - (25 - 136)).
-147
-10 + 27 + (-24 - ((-5 - (-9 + 11)) + -4))
4
What is 32 + -64 - (-27 + 31)?
-36
(7 - 31) + 9 - (-17 - -8 - 6)
0
What is (45 + -1 - (-111 + 132)) + 48?
71
Calculate -3 + -141 + 152 + (2 - 0) - (-24 - -2).
32
Evaluate -53 - (34 + -19 + (-7 - (13 - 6)) + -2).
-52
What is the value of -54 - (-69 + -66 + 46)?
35
Calculate -44 + (8 - -43) + -12.
-5
Evaluate (118 - 88) + -49 + 85.
66
Evaluate (-25 - -38) + -14 - (-3 + -3) - 17.
-12
What is the value of (3 + 13 + 0 + -8 - -37) + -7 + 6?
44
Calculate -8 + (17 + -19 - ((-1 - 2) + 29)).
-36
Evaluate -12 + 43 + -30 - (60 - -8 - 4).
-63
-29 + 21 - (-2 + -1) - (-11 + 8 - -66)
-68
What is the value of -14 - (-18 - -11) - -23?
16
(11 - (16 + -39 - -39)) + 14 + -120
-111
What is the value of -1 - 3 - -2 - (-78 + 165 + -79) - -46?
36
Calculate 225 + (-89 - -10) + -68.
78
Evaluate 19 + 5 + -53 - (-9 + -29 + 14).
-5
Evaluate (-4 - 9) + 65 + 23 - 18.
57
0 - 6 - (-3 + (-22 - (-21 - 44)))
-46
What is the value of 3630 + -3702 - (30 + -2)?
-100
What is 103 - 16 - (90 + -38)?
35
Calculate 19 - 4 - (-169 - -86 - -46).
52
Evaluate (-4 - 2) + 0 + 5 - (122 + -166).
43
Calculate 42 + 8 + -41 - (-3 + 13).
-1
-80 + 7 + 107 + (0 - 8) + 10
36
Evaluate 113 - ((-34 + 39 - (-2 - 2)) + 10).
94
What is (20 - (-2 - (-45 + 21 - -1))) + -74 + 1?
-74
Calculate 1 + (26 - -27) + -29 - 29.
-4
What is (86 - 27 - -16) + -52?
23
What is (-188 - -191) + (-10 - (-8 + -6)) + -1 + 95?
101
What is the value of 8 + -1 - (-59 - (-243 + 181))?
4
What is the value of 0 - (-53 + (18 - -7) - -24)?
4
-26 + 15 + 7 + -7 + (62 - -5)
56
What is (80 - 58) + 1 + 15?
38
What is 1 + 8 - (-149 - (-113 + 6))?
51
Calculate -5 + (-1 + 0 - (-633 + 600)).
27
Calculate (7 - -54) + 420 + -474.
7
What is the value of -19 + 38 + 117 - ((-2 - -20) + -21)?
139
(-67 - -178) + -62 + (2 + -5 - 8)
38
Calculate (22 - -29) + 28 - 116.
-37
What is 20 + -60 + 43 + -53?
-50
Calculate (51 + (-3 - -2) - (14 - 7 - 8)) + -8.
43
Calculate -1 + (-3 - 1) + 5 - (-23 + 19) - -2.
6
Calculate 19 - 5 - (16 + -9 + 3 - -1).
3
Calculate ((-24 - -20) + -16 - -43) + -11 - -79.
91
Evaluate (0 - 122) + ((-80 - -48) + -28 - -49).
-133
Calculate 92 + -1 - (-6316 - -6442).
-35
What is -2 + 2 + (14 - -1) + -8?
7
What is the value of 49 - ((0 - (-16 - -11)) + 11)?
33
What is the value of -28 + (-29 - -52) + 2?
-3
What is 102 + (-155 - -82) + -60 + 3?
-28
Calculate 0 + (5 - 0) + -663 + 651 - -55.
48
What is the value of (-11 - 0) + (2 - 3 - (54 - 27 - 26))?
-13
Evaluate 190 - 204 - (-29 - (-10 - (0 - 2))).
7
34 + 1 + 1430 + -1451
14
Calculate (0 + 0 + -6 - (-145 + 134) - 4) + 11.
12
Calculate 11 + 24 + (-4 + 1 - (45 - 56)).
43
What is the value of (-70 - 61) + 14 + 11?
-106
Calculate 8 - 4 - 12 - (-206 - -224) - -1.
-25
Evaluate -14 + 56 + -22 + -56 + (9 - (5 - 2)).
-30
What is -226 - -156 - (11 - 10 - 8)?
-63
Evaluate 34 - (-25 + 40 - 25).
44
What is the value of -48 + 69 + (-179 - -76)?
-82
What is the value of 90 + -16 + -52 - -10?
32
-7 + (-2 - 0) + (-19 - -22) + -1 + -24
-31
0 - -27 - (-81 + (-80 - -132))
56
What is 13 + -12 + -7 + -3 + (1 - -3) - -31?
26
51 - ((-38 - 51) + 55)
85
Calculate (-22 - 1) + (43 - (101 + -69)).
-12
Calculate -111 + 85 + -19 + 5.
-40
Calculate -120 - ((56 - 47) + -84).
-45
Calculate -4 - (26 - (4 + -2 + -23 + 14 + 16)).
-21
Calculate (-31 - -26) + 18 - 32 - 62.
-81
(-1 - -1) + -2 + -4 - (-12 + (-36 - -23))
19
What is 53 - (-20 - (-20 - -18) - 14)?
85
Evaluate -4 - -110 - (-685 + 738).
53
What is -47 - (55 + 20) - -67?
-55
What is the value of 15 + 48 + (-7 - -1) + (13 - (5 - -5))?
60
Calculate 162 + -65 + -28 - 91.
-22
Evaluate (6 + (28 - 48) - 26) + 13 - (-1 - 10).
-16
What is 24 - -2 - ((-7 - (-38 + 27)) + (-2 - -8))?
16
What is the value of -16 + 37 + 48 - (11 + 1) - -8?
65
What is 29 + -2 + -14 + 4 + -3 + 6 + -42?
-22
What is (7 + -16 - -133 - (-20 - -20)) + -4?
120
47 + (1 - 24) + 0
24
What is the value of -115 - (-79 + -75) - -6?
45
Evaluate 38 - (-80 - -84 - (0 + -1 + 6 + 1)).
40
(-1 - (-2 - 25)) + (232 - 245) + -67
-54
What is (44 - 125) + 14 + 62?
-5
What is the value of -68 + 83 + -53 + 1?
-37
What is -14 + -43 + 34 - -2?
-21
Evaluate -2 + (1 + 9 - (-21 + -3 + (-89 - -67))).
54
What is 18 - (-28 - (32 + -65) - -28)?
-15
What is ((-40 + 17 